2. Determine w(q).
9
Suppose 4*o = -3 + 23. Let i(x) = x + 27. Let l be i(0). Let u(t) = 3 - 33*t + 0 + t**2 + l*t. What is u(o)?
-2
Let k(f) be the third derivative of -f**6/120 - f**4/12 - f**3/6 + 188*f**2. Determine k(-1).
2
Let h(x) = -3*x**2 + 7*x + 7. Let n(i) = 7*i**2 - 15*i - 15. Let a(l) = -5*h(l) - 2*n(l). What is a(7)?
9
Let r(n) = -n**3 - 2*n + 1. Let i(l) = -l. Let k(x) = 2*i(x) - r(x). Let o(u) = -u - 1. Let j(v) = v**2 - 4*v - 2. Let h be j(4). Let q be o(h). Give k(q).
0
Let x(l) = -1 + 1 - 4 - 2*l. Suppose -42 + 32 = 2*c. Determine x(c).
6
Let j be (-1 + (-15)/(-9))/(10/(-45)). Let m(r) = -2*r**3 - 3*r**2 + 3*r + 4. Determine m(j).
22
Let i(t) = -t - 10. Let q(f) = 11. Let g(l) = -6*i(l) - 5*q(l). Determine g(-5).
-25
Let a(y) = 14*y. Suppose 0 = -0*t + 3*t - 15. Suppose 3*i + 2*i = t. Determine a(i).
14
Suppose 3*a - 3*l + 15 = 0, 4*a = -6*l + 3*l + 15. Let z(o) = -126 - o**2 + 249 - o**3 - 108. Determine z(a).
15
Suppose p + 3 = 3*a - 3, -2*p - a = -9. Let m(n) = 3*n - 5 - 5*n + p*n. Let d be m(8). Let i(h) = h + 2. Determine i(d).
5
Let a(h) = 3*h**2 - h + 1. Let n(b) = -5*b - 15. Let x be n(-7). Let y be (24 - x)*(2/(-4))/1. Give a(y).
15
Let o(c) = 2 - 70*c**3 - c + 34*c**3 + 35*c**3 + 6*c**2 - 3 - 7*c. What is o(6)?
-49
Let d be (-5)/(-1)*(99/45 - 1). Let w(u) = -u**3 + 6*u**2 + u - 7. Give w(d).
-1
Let n(h) = -h**3 + 6*h**2 - 5*h - 1. Let w(p) = 5*p**2 - 4*p + 4. Let c be w(1). Calculate n(c).
-1
Let l(f) be the first derivative of -f**5/20 + f**4/3 + f**2/2 + 9*f + 7. Let u(t) be the first derivative of l(t). What is u(4)?
1
Let m(g) be the first derivative of g**3/3 - 2*g**2 + 1. Let k(q) = q**2 - q. Let n be k(-1). Suppose -7*b = -3*b - 16, 0 = 2*a + n*b - 14. What is m(a)?
-3
Suppose 0 = -4*z + 4, -r - z + 5*z = 42. Let l = r - -39. Let i(m) be the second derivative of m**3/6 + m**2/2 - m. What is i(l)?
2
Suppose 0 = 2*a - 2*c - 2*c + 88, a + c + 38 = 0. Let x = -44 - a. Let q(t) = t**2 + 3*t - 3. Calculate q(x).
1
Let h(q) be the second derivative of -q**7/2520 + 7*q**6/720 - q**5/20 + 3*q**4/4 + 4*q. Let a(s) be the third derivative of h(s). What is a(5)?
4
Let m(d) be the first derivative of 2*d**3 - 31*d**2/2 + 21*d - 16. Let s(g) = -2*g**2 + 10*g - 7. Let q(b) = 2*m(b) + 7*s(b). Calculate q(5).
-17
Suppose 2*c + 2 + 0 = 0, -4*t - 5*c = 1. Let v(q) = -6*q**2 + 2. Let s(u) = 16*u**2 - 9. Let n(l) = -s(l) - 4*v(l). Determine n(t).
9
Let p(y) be the first derivative of y**4/4 - y**3/3 + y**2/2 + 2*y - 59. Give p(0).
2
Let n(r) = -r**3 - 4*r**2 + 3*r - 13. Let u be n(-5). Let a(p) = p**2 + 2*p + 2. Calculate a(u).
5
Let d(f) be the second derivative of 2*f**3/3 - 65*f**2/2 + 7*f + 26. Determine d(18).
7
Suppose -m - 6 = 3*t, -2*m - 99 = 5*t - 87. Let d(r) = -r**2 - 10*r - 3. What is d(m)?
21
Let g(r) = r**3 - 15*r**2 - 16*r - 14. Let m(v) = 62*v + 264. Let q be m(-4). Give g(q).
-14
Let t(y) = -y + 4. Let o(b) = 1. Let a(f) = -4*o(f) + t(f). Let w(r) = 5*r + 7. Let v(s) = 4*a(s) + w(s). What is v(-6)?
1
Let j(n) be the first derivative of n**3/3 - 2*n**2 - 69. What is j(2)?
-4
Let z(a) = -3*a**3 - 80*a**2 + 66*a + 33. Let c(y) = y**3 + 27*y**2 - 22*y - 11. Let u(r) = 17*c(r) + 6*z(r). Calculate u(-22).
11
Let m(g) be the third derivative of 1/2*g**3 + 0*g + 0 + 9*g**2 - 1/24*g**4. Let z be m(6). Let b(n) = -n**3 - 3*n**2 - n - 1. Calculate b(z).
2
Suppose -6*s = -11 - 1. Let f(m) = -s*m - 1 - 6 + 1 + 2. Calculate f(-5).
6
Suppose 10*a - 5*a - 5 = 0. Let r(j) be the third derivative of 7*j**4/24 - j**3/6 + 136*j**2. Determine r(a).
6
Let o(v) be the first derivative of v**3/3 - 7*v**2/2 + 6*v + 151. Calculate o(7).
6
Let o(f) = -f - 1. Let n(v) = -3*v + 1. Let q(u) = n(u) + 3*o(u). Let m be q(-1). Let z be ((-6)/m)/(3/(-8)). Let l(k) = k. What is l(z)?
4
Let o(r) be the second derivative of r**3/6 - 8*r**2 + r + 3. Give o(0).
-16
Suppose i + 3*w - 12 + 0 = 0, -w = -5*i + 12. Let y(d) = 10*d - d**2 - 14*d + d**i + 6*d - 1. Calculate y(2).
7
Let i(r) = r**2 - 5*r + 1. Suppose 180*k - 24 = 186*k. What is i(k)?
37
Suppose -12 = 2*d - 6*d. Let a(i) = 4*i + 7*i**2 - i**3 - 6 - 7*i + 4 - d*i. Let n(s) = s**3 - 6*s**2 + 4*s + 11. Let b be n(5). Give a(b).
-2
Suppose -4*k + 126 = 59*k. Let j(n) = -4*n**2 + 4*n + 2. Give j(k).
-6
Let t(k) = k**2 + 48*k + 496. Let c be t(-15). Let u(v) = 5*v**3 + 2*v**2 - v. Calculate u(c).
6
Let h(n) be the third derivative of 3*n**2 + 0*n + 0 + 0*n**3 - 1/24*n**4. Let u(t) = -7. Let f(d) = -3*h(d) - u(d). What is f(-6)?
-11
Suppose 0 = -0*o + o - 3. Suppose -2*u + 4 = -3*i - i, o = -3*i. Let h(z) = z - 1. Calculate h(u).
-1
Suppose -75 = 5*d - 5*v, d + 2*d - 2*v + 40 = 0. Let l(i) = -i**3 - 9*i**2 + 11*i + 17. Calculate l(d).
7
Let w(h) = -h**3 + 2*h**2 + h + 3. Let o be w(0). Suppose o*k = -3*k + 120. Let m = 26 - k. Let u(c) = c**3 - 6*c**2 - c + 7. What is u(m)?
1
Let h(l) = -2*l**3 - 19*l**2 - 24*l + 11. Let n be h(-8). Let g(p) = -p + 17. Calculate g(n).
6
Let o(v) be the second derivative of -3*v**5/5 - v**4/12 + v**3/6 + v - 962. Suppose 5*w - 1 = -3*f + 1, 2*w + f = 1. Give o(w).
-12
Suppose -5*h = 5*t + 20, -h - 3*t - 9 = h. Let b(c) = -2 + c**2 + 4*c**2 - 6*c**2 - c**3 - 2*c**2 - 5*c. Give b(h).
13
Suppose 2*s + 3*r - 3 = 0, -4*s - 45 = s - 3*r. Let y be ((-8)/24)/(1/(-57)). Let i(t) = -21 + 3*t + 45 - y. Calculate i(s).
-13
Let l(c) = c**3 - 2*c - 3. Let t(w) = -w**2 - 11*w - 4. Let p be t(-10). Let v = p - 8. Give l(v).
-7
Let d(x) = -7*x - 43. Let r be (-1 - 2)*(-133)/(-57). What is d(r)?
6
Suppose -2 = w - 3*u - 8, -3*w = -4*u - 8. Let v(a) be the first derivative of -a**3/3 + a**2/2 - 5*a - 48. What is v(w)?
-5
Let s(b) be the first derivative of -b**4/4 - 2*b**3 - 5*b**2/2 - 49. Calculate s(-5).
0
Let s be (-40)/(-15)*(-6)/(-8). Let y(g) = -1 - 6 + 0*g**3 + 7*g**s + 8*g - g**3. What is y(8)?
-7
Let n(c) be the second derivative of c**6/120 + c**5/30 + c**4/12 + 9*c**2/2 + 6*c. Let k(m) be the first derivative of n(m). Determine k(-2).
-4
Let p(d) be the second derivative of -d**4/12 + 13*d**3/3 + 25*d**2/2 + 12*d - 23. Determine p(27).
-2
Let v(k) = -k**3 + 21*k**2 - 22*k + 36. Let l(w) = -32*w - 76. Let h be l(-3). Give v(h).
-4
Let f = -21 - -8. Let g = 14 + f. Suppose 3*a - g = 2. Let y(h) = -4*h**2 - 2*h + 1. Determine y(a).
-5
Let c(k) = -k**3 + 2*k**2 + k - 1. Let n = 8 + 0. Let r be (n/(-6))/(2/9). Let a(q) = -q**2 - 6*q + 2. Let h be a(r). Determine c(h).
1
Let v(q) = -5*q - 4. Let i(x) = 5*x + 4. Let g(j) = 2*i(j) + 3*v(j). Suppose -u - o = -2*u - 4, -3*u - 3*o = 24. Give g(u).
26
Let x(z) = -z**2 - 11*z - 28. Let a be x(-5). Let n(b) = 2*b**3 - 1. Calculate n(a).
15
Let o = 94 - 105. Let h = o - -24. Let f(v) = -v + 8. What is f(h)?
-5
Let k(i) = -i + 12. Let n be 39/65 - 4/(-10). Let l be (-1)/(n/(-7)) - 1. Give k(l).
6
Suppose -7*x + 8*x - 4*x = 0. Let j(r) be the first derivative of x*r**2 - 4 - 10/3*r**3 + r. Determine j(1).
-9
Let r(y) be the third derivative of 0*y**5 + 1/120*y**6 - 31*y**2 + 1/2*y**3 + 0*y - 1/6*y**4 + 0. Give r(2).
3
Suppose -3*d = 2*w - 61, d + 46 = 4*d - w. Let x(n) = 44*n**2 - 6*n - 23*n**2 - d*n**2 + n**3 - 4. Give x(-5).
1
Let d = 15 + -22. Let w(u) = u**3 + 10*u + 7*u**2 - 2*u + u + u**2. Determine w(d).
-14
Let q(b) = 3*b + 3. Let p(n) = -n**3 + 6*n**2 - 2*n + 13. Let i be p(6). Let a be i - 6 - (3 - 3). What is q(a)?
-12
Let l = 78 + -76. Suppose l*f - 4*a + 3*a = 11, -f - 3*a + 16 = 0. Let r(n) = -2*n + 9. Determine r(f).
-5
Let q(v) = -v**2 - 6*v - 3. Let z(l) = -l - 24. Let h be z(-23). Let p(k) = 13*k + 8. Let b be p(h). Calculate q(b).
2
Let t be 62/22 - (-8)/44. Suppose 2*h + 25 = t*i - 6, 0 = 2*h + 4. Let n(q) = q**3 - 8*q**2 - 9*q - 8. What is n(i)?
-8
Suppose -5*f = 16 + 4. Let d(t) = t**2 + 2*t**2 + 8 + 2*t**3 + t - t**3 - 4. Determine d(f).
-16
Let f(d) = -d**2 + 5*d - 2. Let m(i) = i**2 - 2*i - 3. Let l be m(3). Suppose l = -7*h + 15 - 106. Let p = h - -15. What is f(p)?
4
Let s(c) = -c**3 + 6*c**2 + 5*c. Let b be s(-1). Let g(u) = 7*u**2 + 2*u - 3. Calculate g(b).
29
Let r(f) = 28*f - 20. Let i(x) = 9*x - 8. Let h(j) = -8*i(j) + 3*r(j). Give h(4).
52
Let h be 6/(-12)*-22*-1. Let i(g) = g**2 + 12*g + 9. Determine i(h).
-2
Let k(a) be the third derivative of a**6/180 + a**5/60 - 5*a**4/6 - 24*a**2. Let p(j) be the sec